{"id":14894,"date":"2024-05-07T10:36:03","date_gmt":"2024-05-07T10:36:03","guid":{"rendered":"https:\/\/corp.ametllerorigen.com\/?post_type=receptes&#038;p=14894"},"modified":"2024-05-07T10:36:03","modified_gmt":"2024-05-07T10:36:03","slug":"mermelada-de-tomate-y-vainilla","status":"publish","type":"receptes","link":"https:\/\/corp.ametllerorigen.com\/es\/recetas\/otros\/mermelada-de-tomate-y-vainilla\/","title":{"rendered":"Mermelada de tomate y vainilla"},"content":{"rendered":"","protected":false},"excerpt":{"rendered":"","protected":false},"featured_media":14892,"template":"","meta":{"_acf_changed":false},"categoria_recepta":[167],"etiquetes_receptes":[270],"temporada":[],"class_list":["post-14894","receptes","type-receptes","status-publish","has-post-thumbnail","hentry","categoria_recepta-otros","etiquetes_receptes-tomate"],"acf":{"steps2":{"plat_unic":{"es_plat_unic":false,"recomanacio_alimentaria":""},"preferencies_alimentaries":[],"tipus_dapat":[],"dificultat":"1","duracio":"","racions":"","valor_nutricional":"","consells":"","video_url":""},"ingredients":[{"ingredient":{"ingredient_name":"tomate","ingredient_quantity":"2","ingredient_quantity_units":["kg"],"ingredient_quantity_connector":"de","ingredient_ecommerce_name":"","ingredient_ecommerce_link":"https:\/\/www.ametllerorigen.com\/es\/verdura\/tomates-y-pepinos?sc=14"}},{"ingredient":{"ingredient_name":"az\u00facar","ingredient_quantity":"800","ingredient_quantity_units":["g"],"ingredient_quantity_connector":"de","ingredient_ecommerce_name":"","ingredient_ecommerce_link":"https:\/\/www.ametllerorigen.com\/es\/despensa\/azucar-chocolate-y-cremas-dulces?sc=14"}},{"ingredient":{"ingredient_name":"lim\u00f3n (rayadura y zumo)","ingredient_quantity":"1 unidad","ingredient_quantity_units":[],"ingredient_quantity_connector":"de","ingredient_ecommerce_name":"","ingredient_ecommerce_link":"https:\/\/www.ametllerorigen.com\/ca\/fruita\/taronges-i-citrics"}},{"ingredient":{"ingredient_name":"vainilla","ingredient_quantity":"1 rama","ingredient_quantity_units":[],"ingredient_quantity_connector":"de","ingredient_ecommerce_name":"","ingredient_ecommerce_link":"https:\/\/www.ametllerorigen.com\/es\/despensa\/aceite-vinagre-sal-y-especias?sc=14"}}],"steps":[{"step":{"description":"<p>Limpia todos los tomates, pon a hervir agua y prepara un cuenco con agua y hielo.<\/p>\n"}},{"step":{"description":"<p>Haz una cruz en el culo de los tomates con el cuchillo y ponlos en el agua hirviendo poco a poco y esc\u00e1ldalos durante unos 30-40 segundos y p\u00e1sales en el agua fr\u00eda para cortar la cocci\u00f3n. A continuaci\u00f3n pela los tomates y, cuando acabes, c\u00f3rtalos en dados y ponlos en una cazuela a fuego medio.<\/p>\n"}},{"step":{"description":"<p>A\u00f1ade el resto de ingredientes y d\u00e9jalo cocer hasta conseguir la textura de la mermelada. Tendr\u00e1s que bajar la temperatura para que no se pegue.<\/p>\n"}},{"step":{"description":"<p>Una vez tengas la mermelada, hierve los botes de cristal y las tapas durante 10 minutos para esterilizarlos. Cuando lo tengas, rellenarlos con la mermelada y taparlos.<\/p>\n"}},{"step":{"description":"<p>A continuaci\u00f3n, si quieres que se conserven durante m\u00e1s tiempo, puedes hervir durante 40 minutos los botes con la mermelada dentro con un pa\u00f1o en el trasero de la olla para evitar que piquen entre ellos y se rompan. Cuando los saques del agua hirviendo, ponlos cuidadosamente boca abajo.<\/p>\n"}}]},"yoast_head":"<!-- This site is optimized with the Yoast SEO plugin v27.5 - https:\/\/yoast.com\/product\/yoast-seo-wordpress\/ -->\n<title>Mermelada de tomate y vainilla | Ametller Origen<\/title>\n<meta name=\"description\" content=\"Descubre la receta de mermelada de tomate y vainilla en la web de Ametller Origen. \u00a1Entra!\" \/>\n<meta name=\"robots\" content=\"index, follow, max-snippet:-1, max-image-preview:large, max-video-preview:-1\" \/>\n<link rel=\"canonical\" href=\"https:\/\/corp.ametllerorigen.com\/es\/recetas\/otros\/mermelada-de-tomate-y-vainilla\/\" \/>\n<meta property=\"og:locale\" content=\"es_ES\" \/>\n<meta property=\"og:type\" content=\"article\" \/>\n<meta property=\"og:title\" content=\"Mermelada de tomate y vainilla | Ametller Origen\" \/>\n<meta property=\"og:description\" content=\"Descubre la receta de mermelada de tomate y vainilla en la web de Ametller Origen. \u00a1Entra!\" \/>\n<meta property=\"og:url\" content=\"https:\/\/corp.ametllerorigen.com\/es\/recetas\/otros\/mermelada-de-tomate-y-vainilla\/\" \/>\n<meta property=\"og:site_name\" content=\"Ametller Origen\" \/>\n<meta property=\"og:image\" content=\"https:\/\/corp.ametllerorigen.com\/wp-content\/uploads\/2024\/05\/FOTOS-RECEPTES-10.png\" \/>\n\t<meta property=\"og:image:width\" content=\"1200\" \/>\n\t<meta property=\"og:image:height\" content=\"870\" \/>\n\t<meta property=\"og:image:type\" content=\"image\/png\" \/>\n<meta name=\"twitter:card\" content=\"summary_large_image\" \/>\n<script type=\"application\/ld+json\" class=\"yoast-schema-graph\">{\"@context\":\"https:\\\/\\\/schema.org\",\"@graph\":[{\"@type\":\"WebPage\",\"@id\":\"https:\\\/\\\/corp.ametllerorigen.com\\\/es\\\/recetas\\\/otros\\\/mermelada-de-tomate-y-vainilla\\\/\",\"url\":\"https:\\\/\\\/corp.ametllerorigen.com\\\/es\\\/recetas\\\/otros\\\/mermelada-de-tomate-y-vainilla\\\/\",\"name\":\"Mermelada de tomate y vainilla | Ametller Origen\",\"isPartOf\":{\"@id\":\"https:\\\/\\\/corp.ametllerorigen.com\\\/#website\"},\"primaryImageOfPage\":{\"@id\":\"https:\\\/\\\/corp.ametllerorigen.com\\\/es\\\/recetas\\\/otros\\\/mermelada-de-tomate-y-vainilla\\\/#primaryimage\"},\"image\":{\"@id\":\"https:\\\/\\\/corp.ametllerorigen.com\\\/es\\\/recetas\\\/otros\\\/mermelada-de-tomate-y-vainilla\\\/#primaryimage\"},\"thumbnailUrl\":\"https:\\\/\\\/corp.ametllerorigen.com\\\/wp-content\\\/uploads\\\/2024\\\/05\\\/FOTOS-RECEPTES-10.png\",\"datePublished\":\"2024-05-07T10:36:03+00:00\",\"description\":\"Descubre la receta de mermelada de tomate y vainilla en la web de Ametller Origen. \u00a1Entra!\",\"breadcrumb\":{\"@id\":\"https:\\\/\\\/corp.ametllerorigen.com\\\/es\\\/recetas\\\/otros\\\/mermelada-de-tomate-y-vainilla\\\/#breadcrumb\"},\"inLanguage\":\"es\",\"potentialAction\":[{\"@type\":\"ReadAction\",\"target\":[\"https:\\\/\\\/corp.ametllerorigen.com\\\/es\\\/recetas\\\/otros\\\/mermelada-de-tomate-y-vainilla\\\/\"]}]},{\"@type\":\"ImageObject\",\"inLanguage\":\"es\",\"@id\":\"https:\\\/\\\/corp.ametllerorigen.com\\\/es\\\/recetas\\\/otros\\\/mermelada-de-tomate-y-vainilla\\\/#primaryimage\",\"url\":\"https:\\\/\\\/corp.ametllerorigen.com\\\/wp-content\\\/uploads\\\/2024\\\/05\\\/FOTOS-RECEPTES-10.png\",\"contentUrl\":\"https:\\\/\\\/corp.ametllerorigen.com\\\/wp-content\\\/uploads\\\/2024\\\/05\\\/FOTOS-RECEPTES-10.png\",\"width\":1200,\"height\":870},{\"@type\":\"BreadcrumbList\",\"@id\":\"https:\\\/\\\/corp.ametllerorigen.com\\\/es\\\/recetas\\\/otros\\\/mermelada-de-tomate-y-vainilla\\\/#breadcrumb\",\"itemListElement\":[{\"@type\":\"ListItem\",\"position\":1,\"name\":\"Inici\",\"item\":\"https:\\\/\\\/corp.ametllerorigen.com\\\/es\\\/home\\\/\"},{\"@type\":\"ListItem\",\"position\":2,\"name\":\"Receptes\",\"item\":\"https:\\\/\\\/corp.ametllerorigen.com\\\/es\\\/recetas\\\/\"},{\"@type\":\"ListItem\",\"position\":3,\"name\":\"Mermelada de tomate y vainilla\"}]},{\"@type\":\"WebSite\",\"@id\":\"https:\\\/\\\/corp.ametllerorigen.com\\\/#website\",\"url\":\"https:\\\/\\\/corp.ametllerorigen.com\\\/\",\"name\":\"Ametller Origen\",\"description\":\"Pensa com menges, menja com penses\",\"publisher\":{\"@id\":\"https:\\\/\\\/corp.ametllerorigen.com\\\/#organization\"},\"potentialAction\":[{\"@type\":\"SearchAction\",\"target\":{\"@type\":\"EntryPoint\",\"urlTemplate\":\"https:\\\/\\\/corp.ametllerorigen.com\\\/?s={search_term_string}\"},\"query-input\":{\"@type\":\"PropertyValueSpecification\",\"valueRequired\":true,\"valueName\":\"search_term_string\"}}],\"inLanguage\":\"es\"},{\"@type\":\"Organization\",\"@id\":\"https:\\\/\\\/corp.ametllerorigen.com\\\/#organization\",\"name\":\"Ametller Origen\",\"url\":\"https:\\\/\\\/corp.ametllerorigen.com\\\/\",\"logo\":{\"@type\":\"ImageObject\",\"inLanguage\":\"es\",\"@id\":\"https:\\\/\\\/corp.ametllerorigen.com\\\/#\\\/schema\\\/logo\\\/image\\\/\",\"url\":\"https:\\\/\\\/corp.ametllerorigen.com\\\/wp-content\\\/uploads\\\/2025\\\/09\\\/Favicon.svg\",\"contentUrl\":\"https:\\\/\\\/corp.ametllerorigen.com\\\/wp-content\\\/uploads\\\/2025\\\/09\\\/Favicon.svg\",\"caption\":\"Ametller Origen\"},\"image\":{\"@id\":\"https:\\\/\\\/corp.ametllerorigen.com\\\/#\\\/schema\\\/logo\\\/image\\\/\"}}]}<\/script>\n<!-- \/ Yoast SEO plugin. -->","yoast_head_json":{"title":"Mermelada de tomate y vainilla | Ametller Origen","description":"Descubre la receta de mermelada de tomate y vainilla en la web de Ametller Origen. \u00a1Entra!","robots":{"index":"index","follow":"follow","max-snippet":"max-snippet:-1","max-image-preview":"max-image-preview:large","max-video-preview":"max-video-preview:-1"},"canonical":"https:\/\/corp.ametllerorigen.com\/es\/recetas\/otros\/mermelada-de-tomate-y-vainilla\/","og_locale":"es_ES","og_type":"article","og_title":"Mermelada de tomate y vainilla | Ametller Origen","og_description":"Descubre la receta de mermelada de tomate y vainilla en la web de Ametller Origen. \u00a1Entra!","og_url":"https:\/\/corp.ametllerorigen.com\/es\/recetas\/otros\/mermelada-de-tomate-y-vainilla\/","og_site_name":"Ametller Origen","og_image":[{"width":1200,"height":870,"url":"https:\/\/corp.ametllerorigen.com\/wp-content\/uploads\/2024\/05\/FOTOS-RECEPTES-10.png","type":"image\/png"}],"twitter_card":"summary_large_image","schema":{"@context":"https:\/\/schema.org","@graph":[{"@type":"WebPage","@id":"https:\/\/corp.ametllerorigen.com\/es\/recetas\/otros\/mermelada-de-tomate-y-vainilla\/","url":"https:\/\/corp.ametllerorigen.com\/es\/recetas\/otros\/mermelada-de-tomate-y-vainilla\/","name":"Mermelada de tomate y vainilla | Ametller Origen","isPartOf":{"@id":"https:\/\/corp.ametllerorigen.com\/#website"},"primaryImageOfPage":{"@id":"https:\/\/corp.ametllerorigen.com\/es\/recetas\/otros\/mermelada-de-tomate-y-vainilla\/#primaryimage"},"image":{"@id":"https:\/\/corp.ametllerorigen.com\/es\/recetas\/otros\/mermelada-de-tomate-y-vainilla\/#primaryimage"},"thumbnailUrl":"https:\/\/corp.ametllerorigen.com\/wp-content\/uploads\/2024\/05\/FOTOS-RECEPTES-10.png","datePublished":"2024-05-07T10:36:03+00:00","description":"Descubre la receta de mermelada de tomate y vainilla en la web de Ametller Origen. \u00a1Entra!","breadcrumb":{"@id":"https:\/\/corp.ametllerorigen.com\/es\/recetas\/otros\/mermelada-de-tomate-y-vainilla\/#breadcrumb"},"inLanguage":"es","potentialAction":[{"@type":"ReadAction","target":["https:\/\/corp.ametllerorigen.com\/es\/recetas\/otros\/mermelada-de-tomate-y-vainilla\/"]}]},{"@type":"ImageObject","inLanguage":"es","@id":"https:\/\/corp.ametllerorigen.com\/es\/recetas\/otros\/mermelada-de-tomate-y-vainilla\/#primaryimage","url":"https:\/\/corp.ametllerorigen.com\/wp-content\/uploads\/2024\/05\/FOTOS-RECEPTES-10.png","contentUrl":"https:\/\/corp.ametllerorigen.com\/wp-content\/uploads\/2024\/05\/FOTOS-RECEPTES-10.png","width":1200,"height":870},{"@type":"BreadcrumbList","@id":"https:\/\/corp.ametllerorigen.com\/es\/recetas\/otros\/mermelada-de-tomate-y-vainilla\/#breadcrumb","itemListElement":[{"@type":"ListItem","position":1,"name":"Inici","item":"https:\/\/corp.ametllerorigen.com\/es\/home\/"},{"@type":"ListItem","position":2,"name":"Receptes","item":"https:\/\/corp.ametllerorigen.com\/es\/recetas\/"},{"@type":"ListItem","position":3,"name":"Mermelada de tomate y vainilla"}]},{"@type":"WebSite","@id":"https:\/\/corp.ametllerorigen.com\/#website","url":"https:\/\/corp.ametllerorigen.com\/","name":"Ametller Origen","description":"Pensa com menges, menja com penses","publisher":{"@id":"https:\/\/corp.ametllerorigen.com\/#organization"},"potentialAction":[{"@type":"SearchAction","target":{"@type":"EntryPoint","urlTemplate":"https:\/\/corp.ametllerorigen.com\/?s={search_term_string}"},"query-input":{"@type":"PropertyValueSpecification","valueRequired":true,"valueName":"search_term_string"}}],"inLanguage":"es"},{"@type":"Organization","@id":"https:\/\/corp.ametllerorigen.com\/#organization","name":"Ametller Origen","url":"https:\/\/corp.ametllerorigen.com\/","logo":{"@type":"ImageObject","inLanguage":"es","@id":"https:\/\/corp.ametllerorigen.com\/#\/schema\/logo\/image\/","url":"https:\/\/corp.ametllerorigen.com\/wp-content\/uploads\/2025\/09\/Favicon.svg","contentUrl":"https:\/\/corp.ametllerorigen.com\/wp-content\/uploads\/2025\/09\/Favicon.svg","caption":"Ametller Origen"},"image":{"@id":"https:\/\/corp.ametllerorigen.com\/#\/schema\/logo\/image\/"}}]}},"_links":{"self":[{"href":"https:\/\/corp.ametllerorigen.com\/es\/wp-json\/wp\/v2\/receptes\/14894","targetHints":{"allow":["GET"]}}],"collection":[{"href":"https:\/\/corp.ametllerorigen.com\/es\/wp-json\/wp\/v2\/receptes"}],"about":[{"href":"https:\/\/corp.ametllerorigen.com\/es\/wp-json\/wp\/v2\/types\/receptes"}],"wp:featuredmedia":[{"embeddable":true,"href":"https:\/\/corp.ametllerorigen.com\/es\/wp-json\/wp\/v2\/media\/14892"}],"wp:attachment":[{"href":"https:\/\/corp.ametllerorigen.com\/es\/wp-json\/wp\/v2\/media?parent=14894"}],"wp:term":[{"taxonomy":"categoria_recepta","embeddable":true,"href":"https:\/\/corp.ametllerorigen.com\/es\/wp-json\/wp\/v2\/categoria_recepta?post=14894"},{"taxonomy":"etiquetes_receptes","embeddable":true,"href":"https:\/\/corp.ametllerorigen.com\/es\/wp-json\/wp\/v2\/etiquetes_receptes?post=14894"},{"taxonomy":"temporada","embeddable":true,"href":"https:\/\/corp.ametllerorigen.com\/es\/wp-json\/wp\/v2\/temporada?post=14894"}],"curies":[{"name":"wp","href":"https:\/\/api.w.org\/{rel}","templated":true}]}}

azúcar

limón (rayadura y zumo)

<p>Haz una cruz en el culo de los tomates con el cuchillo y ponlos en el agua hirviendo poco a poco y escáldalos durante unos 30-40 segundos y pásales en el agua fría para cortar la cocción. A continuación pela los tomates y, cuando acabes, córtalos en dados y ponlos en una cazuela a fuego medio.</p>

<p>Añade el resto de ingredientes y déjalo cocer hasta conseguir la textura de la mermelada. Tendrás que bajar la temperatura para que no se pegue.</p>

<p>A continuación, si quieres que se conserven durante más tiempo, puedes hervir durante 40 minutos los botes con la mermelada dentro con un paño en el trasero de la olla para evitar que piquen entre ellos y se rompan. Cuando los saques del agua hirviendo, ponlos cuidadosamente boca abajo.</p>
